{"id":8,"date":"2007-10-10T17:06:03","date_gmt":"2007-10-10T15:06:03","guid":{"rendered":"http:\/\/web84.javanais.net\/?page_id=8"},"modified":"2013-11-22T13:53:39","modified_gmt":"2013-11-22T11:53:39","slug":"notre-offre","status":"publish","type":"page","link":"https:\/\/soie.elidee.dev\/?page_id=8","title":{"rendered":"[lang_fr]offre[\/lang_fr] [lang_en]offer[\/lang_en]"},"content":{"rendered":"<p><font color=\"#003366\">[lang_fr]<\/font><\/p>\n<p><font color=\"#003366\"><img decoding=\"async\" src=\"\/wp-content\/starting-blocks.gif\" \/><\/font><\/p>\n<p><font color=\"#003366\">[\/lang_fr]<\/font><\/p>\n<p><font color=\"#003366\">[lang_en]<\/font><\/p>\n<p><img decoding=\"async\" src=\"\/wp-content\/offer-en.gif\" \/><\/p>\n<p><font color=\"#003366\">[\/lang_en]<\/font><font color=\"#000080\"><strong>[lang_fr]Tout commence par un \u00e9change avec vous afin de d\u00e9couvrir votre univers propre et cerner ensemble la nature et le d\u00e9tail de vos besoins.<\/strong><\/font><\/p>\n<p>Nous avons acquis au cours du temps un <strong>aptitude \u00e0 comprendre<\/strong>  \u00ab entrer rapidement  dans\u00bb  <strong>un  environnement industriel ou technologique<\/strong>. Par un \u00e9change, nous saurons ensemble pr\u00e9ciser votre projet, le mettre en perspective. Nous d\u00e9couvrirons ensemble les sp\u00e9cificit\u00e9s de votre organisation&#8230;<\/p>\n<p><font color=\"#000080\"><u><strong><a href=\"?page_id=16\">Vous \u00eates entrepreneur<\/a><\/strong><\/u><\/font>, nous vous invitons \u00e0 d\u00e9couvrir <strong>les grandes probl\u00e9matiques de d\u00e9part<\/strong> qui nous sont pos\u00e9es<\/p>\n<ol>\n<li>vous avez un projet impliquant que vous souhaitez valider<\/li>\n<li>vous n\u2019avez pas de projet particulier mais  la conviction qu\u2019il  faut mettre en place ou structurer votre dispositif IE<\/li>\n<li>vous avez le sentiment ou la certitude qu\u2019il vous faut renforcer l\u2019expertise  IE de votre entreprise sur tel ou tel point, \u00e0 l\u2019occasion de tel ou tel projet&#8230;<\/li>\n<\/ol>\n<p><font color=\"#000080\"><u><strong><a href=\"?page_id=17\">Vous \u00eates d\u00e9cideur public<\/a><\/strong><\/u><\/font>, nous vous invitons \u00e0 d\u00e9couvrir tous les <strong>volets l\u2019intelligence territoriale<\/strong> sur lesquels nous intervenons. [\/lang_fr]<\/p>\n<p>[lang_en] <strong>We listen to your entrepreneurial needs<\/strong><\/p>\n<p>After identifying the specifics of your company and your sector, we define the scope of your project and depth of your needs<br \/>\nWe have developed the <strong>capacity to understand rapidly your business or technological area<\/strong>. We will discuss your project and outline your business strategy. And most importantly how we can <strong>apply your goals to the French system<\/strong> (financial, economical, legal, cultural \u2026)<br \/>\nIn general, business people solicit our help in two main areas:<\/p>\n<p>1 \u2013 <strong><font color=\"#000080\">You have a strategic development project connected to France<\/font><\/strong><\/p>\n<p>2 \u2013 <strong><font color=\"#000080\">You need to reinforce you business intelligence expertise<\/font><\/strong> in connexion with a products, partner or competitor based in France\u2026<font color=\"#000080\"><font color=\"#000000\">[<\/font><strong>\/<\/strong><\/font>lang_en]<\/p>\n","protected":false},"excerpt":{"rendered":"<p>[lang_fr] [\/lang_fr] [lang_en] [\/lang_en][lang_fr]Tout commence par un \u00e9change avec vous afin de d\u00e9couvrir votre univers propre et cerner ensemble la nature et le d\u00e9tail de vos besoins. Nous avons acquis au cours du temps un aptitude \u00e0 comprendre \u00ab entrer rapidement dans\u00bb un environnement industriel ou technologique. Par un \u00e9change, nous saurons ensemble pr\u00e9ciser votre [&hellip;]<\/p>\n","protected":false},"author":1,"featured_media":0,"parent":0,"menu_order":3,"comment_status":"open","ping_status":"open","template":"","meta":{"footnotes":""},"_links":{"self":[{"href":"https:\/\/soie.elidee.dev\/index.php?rest_route=\/wp\/v2\/pages\/8"}],"collection":[{"href":"https:\/\/soie.elidee.dev\/index.php?rest_route=\/wp\/v2\/pages"}],"about":[{"href":"https:\/\/soie.elidee.dev\/index.php?rest_route=\/wp\/v2\/types\/page"}],"author":[{"embeddable":true,"href":"https:\/\/soie.elidee.dev\/index.php?rest_route=\/wp\/v2\/users\/1"}],"replies":[{"embeddable":true,"href":"https:\/\/soie.elidee.dev\/index.php?rest_route=%2Fwp%2Fv2%2Fcomments&post=8"}],"version-history":[{"count":0,"href":"https:\/\/soie.elidee.dev\/index.php?rest_route=\/wp\/v2\/pages\/8\/revisions"}],"wp:attachment":[{"href":"https:\/\/soie.elidee.dev\/index.php?rest_route=%2Fwp%2Fv2%2Fmedia&parent=8"}],"curies":[{"name":"wp","href":"https:\/\/api.w.org\/{rel}","templated":true}]}}