{"id":2,"date":"2007-10-05T17:22:41","date_gmt":"2007-10-05T15:22:41","guid":{"rendered":""},"modified":"2024-01-16T17:35:55","modified_gmt":"2024-01-16T16:35:55","slug":"a-propos","status":"publish","type":"page","link":"https:\/\/soie.elidee.dev\/?page_id=2&lang=fr","title":{"rendered":"Accueil"},"content":{"rendered":"\n<pre class=\"wp-block-code\"><code><img decoding=\"async\" src=\"\/wp-content\/presentation2.jpg\">\n<span style=\"color: #000080;\">Dirigeants d\u2019entreprises industrielles ou de soci\u00e9t\u00e9s de service \u00e0 l\u2019industrie et d\u00e9cideurs publics<\/span>, Sud-Ouest intelligence \u00e9conomique est votre interlocuteur privil\u00e9gi\u00e9.&nbsp;&nbsp;&nbsp; <em>Non-French companies, please use the english version of this site.<\/em>\n\nParce que <span style=\"color: #000080;\">rien ne sert d\u2019investir<\/span> (temps, argent) si <span style=\"color: #000080;\">l\u2019opportunit\u00e9 de votre projet de d\u00e9veloppement<\/span> (innovation, diversification \u2026) n\u2019est pas d\u00e9montr\u00e9e et si <span style=\"color: #000080;\">votre entreprise n\u2019est pas, en parall\u00e8le, prot\u00e9g\u00e9e<\/span> vis-\u00e0-vis de la concurrence, de fuite... <span style=\"color: #000080;\"><span style=\"color: #000000;\">Pour vous aider<\/span> <span style=\"color: #000000;\">\u00e0<\/span> pr\u00e9parer, anticiper&nbsp;sereinement le d\u00e9veloppement de votre entreprise&nbsp;mais aussi&nbsp;vous aider \u00e0 \"sortir par le haut \"des turbulences actuelles <\/span><span style=\"color: #000000;\">...<\/span>\n\n<strong>Une \u00e9quipe&nbsp;de&nbsp;10 <span style=\"color: #000080;\">sp\u00e9cialistes<\/span>&nbsp;de <span style=\"color: #000080;\">l'intelligence \u00e9conomique et de l'ing\u00e9nierie sp\u00e9cifique<\/span><\/strong>, <span style=\"color: #000080;\"><span style=\"color: #000000;\">partenaire<\/span> <\/span>de votre&nbsp;d\u00e9veloppement. D\u00e9couvrez nos m\u00e9tiers et prestations : <span style=\"color: #000080;\">veille technologique, concurrentielle, r\u00e9glementaire, marketing, strat\u00e9gie, accompagnement \u00e0 la diversification ou l'internationalisation, logiciels veille, s\u00e9curit\u00e9, s\u00fbret\u00e9,&nbsp;ing\u00e9nierie sortie de crise ou cession -rachat ...<\/span>\n<p align=\"right\"><span style=\"color: #000080;\">SO<\/span>ie, <span style=\"color: #000080;\">S<\/span>ud-<span style=\"color: #000080;\">O<\/span>uest intelligence \u00e9conomique\u00ae tout simplement...<span style=\"color: #000080;\">&nbsp;&nbsp;<\/span><span style=\"color: #000080;\"><span style=\"color: #000080;\">\n<\/span>&nbsp;&nbsp;<\/span><\/p><\/code><\/pre>\n","protected":false},"excerpt":{"rendered":"","protected":false},"author":1,"featured_media":116,"parent":0,"menu_order":1,"comment_status":"open","ping_status":"open","template":"","meta":{"footnotes":""},"_links":{"self":[{"href":"https:\/\/soie.elidee.dev\/index.php?rest_route=\/wp\/v2\/pages\/2"}],"collection":[{"href":"https:\/\/soie.elidee.dev\/index.php?rest_route=\/wp\/v2\/pages"}],"about":[{"href":"https:\/\/soie.elidee.dev\/index.php?rest_route=\/wp\/v2\/types\/page"}],"author":[{"embeddable":true,"href":"https:\/\/soie.elidee.dev\/index.php?rest_route=\/wp\/v2\/users\/1"}],"replies":[{"embeddable":true,"href":"https:\/\/soie.elidee.dev\/index.php?rest_route=%2Fwp%2Fv2%2Fcomments&post=2"}],"version-history":[{"count":3,"href":"https:\/\/soie.elidee.dev\/index.php?rest_route=\/wp\/v2\/pages\/2\/revisions"}],"predecessor-version":[{"id":117,"href":"https:\/\/soie.elidee.dev\/index.php?rest_route=\/wp\/v2\/pages\/2\/revisions\/117"}],"wp:featuredmedia":[{"embeddable":true,"href":"https:\/\/soie.elidee.dev\/index.php?rest_route=\/wp\/v2\/media\/116"}],"wp:attachment":[{"href":"https:\/\/soie.elidee.dev\/index.php?rest_route=%2Fwp%2Fv2%2Fmedia&parent=2"}],"curies":[{"name":"wp","href":"https:\/\/api.w.org\/{rel}","templated":true}]}}